 - 18 = r. Let l be (-249)/(-27) - (-2)/r. Calculate the highest common factor of l and 99.
9
Let r(z) = -z**2 - 8*z - 5. Let a be r(-5). Suppose 4*d = 74 - a. Suppose 2*k = 7*k - 10, -4*l = 5*k - 26. What is the highest common divisor of d and l?
4
Let s(j) = j**3 - j**2 - j. Let o be s(0). Suppose 0 = 3*n - o*n - 45. Calculate the greatest common divisor of n and 105.
15
Suppose 2*h - 3*c + 6 - 58 = 0, c + 4 = 0. Calculate the greatest common divisor of 160 and h.
20
Let t(s) = s**2 - 4*s. Let u be t(-5). Suppose 5*m = 2*m + u. What is the highest common divisor of m and 75?
15
Let r be 147/(-15) - 1/5. Let u = 0 - r. Let v(j) = 27*j - 1. Let a be v(3). What is the highest common divisor of u and a?
10
Let y = -94 - -52. Let r be (-3 + 3 - y) + -1. Suppose -s - r = -4*k, 2*k - 4*s - 54 = -3*k. Calculate the greatest common factor of k and 70.
10
Suppose 4*l = 23 + 13. Let o = 192 + -129. What is the highest common factor of l and o?
9
Let p(b) = b**3 - 7*b**2 + b + 12. Let o be p(7). Suppose -5*i = -o - 36. What is the highest common divisor of i and 121?
11
Let o be ((-4)/(-2))/(-2) + -2. Let v = 0 - o. Suppose v*u + 20 = 5*u. What is the greatest common factor of 15 and u?
5
Let l(g) = -14*g**2 + g - 3. Let t be l(-4). Let h = t - -330. Suppose -3*x = -5*x + 22. Calculate the greatest common factor of h and x.
11
Suppose -2*z + 28 = -j, -2*j = 4 - 12. What is the greatest common factor of 64 and z?
16
Let b(z) = -44*z**3 - 7*z**2 - 4*z. Let m(h) = 15*h**3 + 2*h**2 + h. Let c(x) = 2*b(x) + 7*m(x). Let n be c(1). What is the highest common divisor of 176 and n?
16
Let w be 0 + 4/(1 + (-4)/8). Let x(o) = -7*o - 1. Let r be x(-3). Calculate the highest common factor of r and w.
4
Let x be ((-12)/(-9))/((-3)/(-198)). Let o = 7 - 15. Let n = 3 - o. Calculate the highest common factor of n and x.
11
Let z(t) = -t**3 - 5*t**2 + 5*t + 2. Suppose 0*m + 24 = -4*m. Let y be z(m). Calculate the greatest common divisor of y and 8.
8
Let s(k) = -k**3 - 10*k**2 + k + 21. Let x be s(-10). Calculate the highest common factor of x and 209.
11
Let s be ((-2)/5)/((-1)/45). Let a be (0/(-1))/(2 - 3). Suppose -3*x + 6*x - 81 = a. Calculate the greatest common divisor of s and x.
9
Let g(u) = -13*u - 12*u - 3 + u. Let m be g(-8). Calculate the highest common factor of m and 21.
21
Let h be ((-12)/10)/(26/65). Let z = 12 + h. Calculate the greatest common divisor of z and 63.
9
Suppose -3*s - s + 12 = 0. Suppose 4*p + 0*a = -a + 10, -s*p = 4*a - 14. Calculate the greatest common divisor of 10 and p.
2
Suppose 3*t - 344 = t. Suppose -37 = 3*b - t. Calculate the greatest common factor of 5 and b.
5
Suppose 5*p = 4*l + 34, 4*p - 3*l - 15 = 2*p. Calculate the greatest common factor of 48 and p.
6
Suppose 0*i - 4*i - 13 = -3*c, 5*i + 20 = 0. Let u be c - -2 - -1*10. What is the highest common factor of 55 and u?
11
Let g be (-3)/15 - 292/(-10). Let m = g + -13. Let n be (-6)/(-2) + -4 + 3. Calculate the greatest common divisor of n and m.
2
Let b = 328 - 94. What is the highest common factor of 26 and b?
26
Let i = 21 - 11. Calculate the highest common divisor of i and 2.
2
Let o(q) = 2*q - 4. Let i be o(3). Let n = 11 + i. Let u = n - 8. Calculate the greatest common divisor of 10 and u.
5
Let c be 64 + (-1)/(-1) + 0 + -1. Calculate the greatest common divisor of c and 8.
8
Let p(w) = w**3 + 13*w**2 + 12*w + 16. Let l = 23 + -14. Let y be (-318)/27 - 2/l. Let a be p(y). What is the highest common divisor of a and 24?
8
Let q(r) be the third derivative of r**5/30 - r**4/6 + r**3/3 + r**2. Let b be q(3). What is the highest common factor of 72 and b?
8
Suppose 2*h - 220 = 200. What is the highest common divisor of 42 and h?
42
Suppose -d + 1 + 1 = 0. Suppose 3*z + z - 32 = -d*n, 5*n + 30 = z. Let b be 1/(-2) - z/(-4). What is the highest common divisor of b and 3?
1
Let b(w) = w**3 + 6*w**2 - 6*w + 3. Let c be b(-6). Let i = c - 21. Calculate the greatest common factor of 12 and i.
6
Suppose -2*d = -5*x - 1, 0*d = d - 2*x. Let t be (d/2 - 0) + 11. What is the highest common factor of 10 and t?
10
Let z = 85 - 21. What is the highest common factor of 16 and z?
16
Let n(h) = h + 8. Let a be n(-6). Suppose 5*f + 8 = 3*o, -a*o + 3*f = -1 - 4. What is the greatest common divisor of o and 3?
1
Let z = -51 + 60. What is the greatest common factor of 36 and z?
9
Let m = -7 + 19. Calculate the greatest common divisor of 12 and m.
12
Let x be (-36)/(-48) - (-117)/4. What is the highest common divisor of x and 45?
15
Suppose 466 + 30 = 4*q. Let r be q/12 - (-1)/(-3). Calculate the highest common factor of r and 80.
10
Let g(j) = -2*j + 6. Let m be g(-10). Let c = -265 - -499. Calculate the highest common factor of c and m.
26
Suppose 0 = -18*z + 4*z + 728. Calculate the highest common divisor of z and 13.
13
Let u be (-2 + -1)/(-1) - -3. Let c(b) = b**2 - 4*b - 4. Let o be c(u). Calculate the highest common divisor of o and 12.
4
Suppose 4*u - 53 = 103. Let i = 23 + -74. Let x = i + 77. What is the greatest common divisor of x and u?
13
Suppose -3 + 11 = 4*b. Let z(u) = 7*u - 2. Let i be z(b). What is the highest common factor of i and 18?
6
Let b = -5 + 99. Let x = -61 + b. Calculate the highest common divisor of 22 and x.
11
Suppose 0*m + 24 = 4*m. Let g = 7 + -5. Suppose 121 = 3*q + k, -5*q - g*k + 220 = -4*k. What is the greatest common factor of m and q?
6
Suppose 4*d - 105 = -5*f, -5*d + 4*f = -f - 75. What is the greatest common divisor of d and 20?
20
Let x(m) = -m - 3. Let t(n) = -n**3 + 5*n**2 - 4. Let l be t(5). Let v be x(l). Let k be (-15)/(1 + -3 + v). Calculate the greatest common factor of 120 and k.
15
Suppose -45 = -2*v - v. Suppose 3*k = 29 + 46. Let r = 50 + k. What is the highest common factor of v and r?
15
Suppose 2*c + 4*f = -16, -3*f + 2*f = -4*c + 13. What is the greatest common factor of c and 3?
1
Let d be -1 + 3 - (8 - 6). Suppose -3*m = -d*q + 5*q - 30, 2*q = 0. Calculate the greatest common divisor of 5 and m.
5
Let t be 14/(-70) - (-362)/10. Calculate the greatest common divisor of 9 and t.
9
Suppose a + 5 + 0 = 0. Let n be -1*27/(-2 - a). Let p(t) = t**3 + 9*t**2 - 2*t - 6. Let y be p(n). Calculate the greatest common factor of 30 and y.
6
Let h be (-7)/((-39)/12 - -3). Let y = -64 + 106. What is the highest common divisor of h and y?
14
Let r = 32 - 20. What is the highest common divisor of r and 8?
4
Let m be 2 + 1 + 0 - -14. Let w be ((-175)/14 - -4)*10*-1. What is the greatest common divisor of m and w?
17
Let a(f) = 2*f + 50. Let i be a(-13). What is the highest common factor of 3 and i?
3
Suppose 3*p + 8*p = 154. Let x(w) = -10*w - 5. Let j be x(-4). What is the greatest common divisor of p and j?
7
Let t = -15 + 36. Let l(p) = p + 1. Let k be l(2). Calculate the greatest common factor of k and t.
3
Suppose 5*j + k - 9 = 0, 0*j + 3*k - 10 = 2*j. Let h be -48*j/(1/(-2)). Let u = h - 12. What is the greatest common divisor of u and 12?
12
Suppose c = -4*c + 4*f - 1, -c = -4*f + 13. Let o = c + -1. Suppose -d - 2*u = -44, o*d - 40 = d + 2*u. What is the greatest common factor of 6 and d?
6
Let u be -8*(2 - -1)*-2. Let l be -4*-1*(-13)/(-4). Let y = l + -7. What is the highest common divisor of y and u?
6
Suppose -3*h - 24 = -5*m, 0 = -2*m + m - h. Let q(w) = 2*w + 1. Let j be q(1). What is the greatest common divisor of j and m?
3
Suppose -2*k - 124 = -5*l + k, 3*k - 84 = -3*l. Calculate the highest common divisor of 208 and l.
26
Suppose 0*y + 154 = y. Let k(i) = 3*i - 2 + i + 4. Let q be k(3). Calculate the highest common factor of q and y.
14
Suppose 0 = -q + 9*q - 720. Calculate the highest common divisor of 10 and q.
10
Let j = 32 + -8. What is the greatest common factor of j and 48?
24
Let r(k) = 2*k**2 + 13*k + 19. Let o be r(-5). Let t = 2 + 0. Suppose -t*p = -4*s + 4 - 22, -4*p + 3*s + 16 = 0. What is the greatest common factor of p and o?
1
Suppose 0 = 12*l - 0*l - 324. Let o(a) = 2*a + 7. Let d(j) = -j - 6. Let p(h) = 6*d(h) + 5*o(h). Let r be p(7). What is the highest common factor of l and r?
27
Let s be 3/12 + 179/4. Let t = 77 - s. Let p = 3 + t. Calculate the highest common divisor of 7 and p.
7
Let s be 88 + 4/3*-3. Calculate the highest common divisor of s and 12.
12
Suppose -4*i + 56 = 2*v, 5*i - 2*i - 16 = 5*v. Let m(f) 